s 234321 - 140223?
44043
In base 15, what is -d0 + 48ed?
481d
In base 12, what is -b - 400b8a?
-400b99
In base 7, what is -1613 + -352414?
-354330
In base 11, what is 668060 - 25?
668036
In base 3, what is 11 + 111220201211212?
111220201212000
In base 3, what is 10211100 + 202022201?
220011001
In base 8, what is 0 - -52614173?
52614173
In base 14, what is 5bab3dc2 + 3?
5bab3dc5
In base 5, what is 0 - -4014233223?
4014233223
In base 12, what is -6 + -3a8107?
-3a8111
In base 13, what is 2895 - -6cc?
3294
In base 4, what is -233 + 202232202?
202231303
In base 9, what is -5 - -1548544?
1548538
In base 4, what is 111323022020 - 310?
111323021110
In base 2, what is -10000001011111010 + 11010010?
-10000001000101000
In base 14, what is -990c7 + -2?
-990c9
In base 5, what is 24 + 1234404004?
1234404033
In base 9, what is -4841188370 - 2?
-4841188372
In base 5, what is -113244032 + -314?
-113244401
In base 9, what is -20645 - 176570?
-207325
In base 14, what is -112332 + 11?
-112321
In base 16, what is 99f76c - 3?
99f769
In base 4, what is 32032 + -310002132?
-303310100
In base 3, what is 2 - 120021021211101?
-120021021211022
In base 14, what is -69892 + a5?
-697cb
In base 9, what is 268435 + 111?
268546
In base 3, what is 2210010021112 - 1211?
2210010012201
In base 7, what is -1125553 - 153?
-1126036
In base 12, what is 15795ab + -7?
15795a4
In base 5, what is -1 + 11020443332?
11020443331
In base 16, what is -c0e + -1b0?
-dbe
In base 13, what is 5 + -19458?
-19453
In base 12, what is -3820 + -631?
-4251
In base 14, what is -211 - -8a9b?
888a
In base 13, what is 20b7 + -a0?
2017
In base 10, what is 3567 + -723?
2844
In base 6, what is 1 + 103342350?
103342351
In base 5, what is 4040300 - -2010?
4042310
In base 10, what is 216761 - 12?
216749
In base 2, what is 101100010011001 - -10100000111110?
1000000011010111
In base 10, what is -1177 - -13282?
12105
In base 4, what is -110310 - -1110021?
333111
In base 12, what is -70b - 106a10?
-10751b
In base 10, what is -166484482 - -4?
-166484478
In base 7, what is -3 + -3125312040?
-3125312043
In base 4, what is 10230301100 + 200?
10230301300
In base 3, what is 10001 - 101110210101?
-101110200100
In base 2, what is -11111000010100111001011011 - 100?
-11111000010100111001011111
In base 7, what is -3442 + -2561635?
-2565410
In base 2, what is -1010110011111101 + -101101001010?
-1011100001000111
In base 9, what is 3077654183 + -2?
3077654181
In base 3, what is 102002 + -122022222?
-121220220
In base 6, what is 4112 - 405305?
-401153
In base 4, what is 121232 + -1110031?
-322133
In base 3, what is 121011221221112 + -201?
121011221220211
In base 8, what is 442055015 + -5?
442055010
In base 2, what is 1110011001001101 - -100100011010?
1110111101100111
In base 4, what is -2331003101 - -312?
-2331002123
In base 2, what is -110110100110010010101111 - -111?
-110110100110010010101000
In base 11, what is -115091982 - 2?
-115091984
In base 14, what is 182a3 - 232?
18071
In base 15, what is 404274b + 4?
4042750
In base 15, what is 1 + 58ab8b6?
58ab8b7
In base 7, what is 5 - 526136016?
-526136011
In base 10, what is 3 + -141909165?
-141909162
In base 12, what is -2387 + 64a9?
4122
In base 10, what is 3230190 + 31?
3230221
In base 8, what is 5740 + -13341?
-5401
In base 5, what is 3340042 + 0?
3340042
In base 14, what is 2 - 515475b?
-5154759
In base 15, what is -1bbc94b - 6?
-1bbc952
In base 14, what is 5 - -21724?
21729
In base 13, what is -2 + 123722?
123720
In base 12, what is 26b7a9 - 3?
26b7a6
In base 2, what is -10100010100110010101100 + 1110010?
-10100010100110000111010
In base 4, what is 2002302112 + -23?
2002302023
In base 5, what is -2212130 + 113?
-2212012
In base 6, what is 112103 + -4505?
103154
In base 14, what is -1 - -dda2b1?
dda2b0
In base 9, what is 20 + 1322323?
1322343
In base 6, what is -10 + -2013222104?
-2013222114
In base 5, what is -20 - 202023102?
-202023122
In base 15, what is -1a - 953333?
-95334d
In base 10, what is -328 + -1040?
-1368
In base 2, what is -11100010111011010001000101 + 11?
-11100010111011010001000010
In base 16, what is -16c6 + -1f72f?
-20df5
In base 10, what is -4574 - -1292?
-3282
In base 13, what is 1 - 4740aa7?
-4740aa6
In base 10, what is 4 + 71811945?
71811949
In base 2, what is -10111011011000100011000010001 + 0?
-10111011011000100011000010001
In base 10, what is 280 - 47629?
-47349
In base 10, what is -4389 + -6708?
-11097
In base 8, what is -1464120 + -314?
-1464434
In base 12, what is 0 - -193030?
193030
In base 14, what is -11c41662 - -6?
-11c4165a
In base 4, what is -11 + -13120312001313?
-13120312001330
In base 15, what is a + 10d609?
10d614
In base 15, what is 28 - -898b92?
898bba
In base 10, what is 292905 - 12?
292893
In base 11, what is 658860 + -4?
658857
In base 5, what is -343 - 2003041312?
-2003042210
In base 11, what is -4408834 - 3?
-4408837
In base 13, what is 1 + 3541245?
3541246
In base 13, what is -92c - 1528?
-2157
In base 3, what is 12201201100122211 - 11?
12201201100122200
In base 3, what is 1102202022021021 - -2?
1102202022021100
In base 14, what is 1389 + 47b0?
5b59
In base 4, what is -11103313303 - 1013?
-11103320322
In base 9, what is 40 - 4710162?
-4710122
In base 2, what is -1010110100101100 + -101100111?
-1010111010010011
In base 2, what is 10 + 1010011011000010001100?
1010011011000010001110
In base 16, what is -764 - 3657?
-3dbb
In base 4, what is -22 + 2233211211?
2233211123
In base 11, what is 6390 - -1563?
7943
In base 13, what is -a6b + -3c8c8?
-40666
In base 15, what is 191d + 74b?
2169
In base 3, what is -10222022221122 - -21?
-10222022221101
In base 12, what is -b781555 + 2?
-b781553
In base 15, what is 266860 + -117?
266748
In base 5, what is 2433 + 4422300?
4430233
In base 12, what is -169a1a + 952?
-169088
In base 16, what is 7445 - 69d?
6da8
In base 10, what is -60 - 161603?
-161663
In base 13, what is -1539c86 - -19?
-1539c6a
In base 3, what is 2 + 1211100021010?
1211100021012
In base 7, what is -16 + -110253220?
-110253236
In base 16, what is 1be95f8 - -10?
1be9608
In base 7, what is -36643530 - 16?
-36643546
In base 15, what is 1c0ce9 - 3?
1c0ce6
In base 16, what is 9dd - -355e?
3f3b
In base 14, what is -728a68 - -5?
-728a63
In base 10, what is -42184 - 26?
-42210
In base 12, what is -1 + -7729464?
-7729465
In base 12, what is -18a1 - 834a?
-a02b
In base 11, what is 1 - -218893a4?
218893a5
In base 5, what is -422 - 1031434210?
-1031440132
In base 5, what is 123233103143 - 1?
123233103142
In base 6, what is 41502253342 - 4?
41502253334
In base 14, what is 0 - 26b6ac9?
-26b6ac9
In base 7, what is 222553231 + 4?
222553235
In base 10, what is 2944 + 124565?
127509
In base 13, what is -1 + -1508b4?
-1508b5
In base 2, what is 1100101110000111 + 101000101111?
1101010110110110
In base 16, what is -125f9f + b1?
-125eee
In base 7, what is 12651243 - 22?
12651221
In base 12, what is 83803bbb - -1?
83804000
In base 8, what is -24223 - 317505?
-343730
In base 5, what is 12234034412 - -10?
12234034422
In base 6, what is 1254 + -104510352?
-104505054
In base 6, what is -230103025 + -2?
-230103031
In base 7, what is 1105 + -1004120?
-1003012
In base 11, what is -11728 + 56a1?
-7037
In base 10, what is 0 + -45672410?
-45672410
In base 7, what is -24320 + 30635?
3315
In base 10, what is 2 - -2936549?
2936551
In base 4, what is -21 + 10022213333311?
10022213333230
In base 7, what is 52 + -6033024?
-6032642
In base 6, what is 1444 + 2002532?
2004420
In base 16, what is -259b44 - -4?
-259b40
In base 6, what is 102 - -54454?
55000
In base 10, what is 1782 + 5404?
7186
In base 8, what is -4 - -11565562?
11565556
In base 11, what is 4047 - 69a?
3458
In base 10, what is -18667328 - -3?
-18667325
In base 7, what is 63 + -2513343?
-2513250
In base 13, what is -52 - -6269?
6217
In base 2, what is 10100010001011011100100001 + 101?
10100010001011011100100110
In base 3, what is 1020021 + 11110102021?
11111122112
In base 16, what is 1b08 - -428d?
5d95
In base 2, what is 101001 + -11100001110110110111?
-11100001110110001110
In base 3, what is 1 + 21100110210012?
21100110210020
In base 14, what is 2 - 58dc3a1?
-58dc39d
In base 2, what is -10100101110010111011111111 + -1?
-10100101110010111100000000
In base 6, what is 11102 - 200122?
-145020
In base 14, what is